tors of 56473.
56473
List the prime factors of 492.
2, 3, 41
What are the prime factors of 4267?
17, 251
What are the prime factors of 6174?
2, 3, 7
List the prime factors of 27417.
3, 13, 19, 37
List the prime factors of 1865.
5, 373
List the prime factors of 1228.
2, 307
What are the prime factors of 63423?
3, 29
What are the prime factors of 32323?
32323
List the prime factors of 1337.
7, 191
What are the prime factors of 831?
3, 277
List the prime factors of 427.
7, 61
What are the prime factors of 13062?
2, 3, 7, 311
List the prime factors of 2759.
31, 89
What are the prime factors of 52492?
2, 11, 1193
List the prime factors of 3879.
3, 431
List the prime factors of 466.
2, 233
List the prime factors of 1505.
5, 7, 43
List the prime factors of 21210.
2, 3, 5, 7, 101
List the prime factors of 13882.
2, 11, 631
List the prime factors of 1108.
2, 277
List the prime factors of 2343.
3, 11, 71
List the prime factors of 19687.
19687
List the prime factors of 4777.
17, 281
What are the prime factors of 5283?
3, 587
What are the prime factors of 479?
479
List the prime factors of 4976.
2, 311
List the prime factors of 5250.
2, 3, 5, 7
What are the prime factors of 17766?
2, 3, 7, 47
List the prime factors of 2358.
2, 3, 131
What are the prime factors of 522?
2, 3, 29
What are the prime factors of 81177?
3, 27059
What are the prime factors of 121058?
2, 7, 8647
What are the prime factors of 9377?
9377
List the prime factors of 1497.
3, 499
List the prime factors of 1194.
2, 3, 199
List the prime factors of 125700.
2, 3, 5, 419
List the prime factors of 2264.
2, 283
What are the prime factors of 2885?
5, 577
List the prime factors of 739.
739
What are the prime factors of 44288?
2, 173
List the prime factors of 1784.
2, 223
List the prime factors of 40280.
2, 5, 19, 53
List the prime factors of 8109.
3, 17, 53
What are the prime factors of 2804?
2, 701
What are the prime factors of 1893?
3, 631
List the prime factors of 9354.
2, 3, 1559
What are the prime factors of 37883?
43, 881
List the prime factors of 1245.
3, 5, 83
What are the prime factors of 55343?
55343
What are the prime factors of 41305?
5, 11, 751
What are the prime factors of 39361?
7, 5623
What are the prime factors of 41696?
2, 1303
What are the prime factors of 2465?
5, 17, 29
What are the prime factors of 2175?
3, 5, 29
List the prime factors of 349.
349
List the prime factors of 36876.
2, 3, 7, 439
List the prime factors of 52930.
2, 5, 67, 79
What are the prime factors of 15712?
2, 491
List the prime factors of 1387.
19, 73
List the prime factors of 700.
2, 5, 7
What are the prime factors of 320?
2, 5
What are the prime factors of 56624?
2, 3539
What are the prime factors of 39?
3, 13
What are the prime factors of 2171?
13, 167
What are the prime factors of 10021?
11, 911
What are the prime factors of 6433?
7, 919
List the prime factors of 6793.
6793
What are the prime factors of 2343?
3, 11, 71
What are the prime factors of 3109?
3109
List the prime factors of 2071.
19, 109
What are the prime factors of 16?
2
What are the prime factors of 14592?
2, 3, 19
What are the prime factors of 4633?
41, 113
What are the prime factors of 2116?
2, 23
List the prime factors of 7158.
2, 3, 1193
List the prime factors of 2644.
2, 661
What are the prime factors of 11202?
2, 3, 1867
What are the prime factors of 3089?
3089
What are the prime factors of 7353?
3, 19, 43
What are the prime factors of 10036?
2, 13, 193
What are the prime factors of 4144?
2, 7, 37
What are the prime factors of 18303?
3, 6101
List the prime factors of 4999.
4999
What are the prime factors of 28809?
3, 11, 97
List the prime factors of 4009.
19, 211
What are the prime factors of 138?
2, 3, 23
What are the prime factors of 29537?
29537
What are the prime factors of 121?
11
List the prime factors of 2085.
3, 5, 139
What are the prime factors of 13112?
2, 11, 149
List the prime factors of 52577.
7, 29, 37
List the prime factors of 5244.
2, 3, 19, 23
List the prime factors of 4419.
3, 491
List the prime factors of 25860.
2, 3, 5, 431
What are the prime factors of 2237?
2237
What are the prime factors of 3508?
2, 877
What are the prime factors of 33111?
3, 13, 283
What are the prime factors of 707?
7, 101
What are the prime factors of 17893?
29, 617
What are the prime factors of 2014?
2, 19, 53
List the prime factors of 890.
2, 5, 89
What are the prime factors of 4206?
2, 3, 701
What are the prime factors of 46119?
3, 15373
List the prime factors of 3618.
2, 3, 67
List the prime factors of 3620.
2, 5, 181
What are the prime factors of 1309?
7, 11, 17
List the prime factors of 37256.
2, 4657
List the prime factors of 2908.
2, 727
What are the prime factors of 10600?
2, 5, 53
What are the prime factors of 75?
3, 5
List the prime factors of 1683.
3, 11, 17
List the prime factors of 22974.
2, 3, 7, 547
List the prime factors of 76498.
2, 23, 1663
List the prime factors of 22158.
2, 3, 1231
List the prime factors of 1799.
7, 257
List the prime factors of 3465.
3, 5, 7, 11
What are the prime factors of 27016?
2, 11, 307
List the prime factors of 5688.
2, 3, 79
What are the prime factors of 1649?
17, 97
List the prime factors of 31244.
2, 73, 107
What are the prime factors of 538?
2, 269
List the prime factors of 200417.
7, 28631
What are the prime factors of 19737?
3, 17, 43
List the prime factors of 20340.
2, 3, 5, 113
What are the prime factors of 6017?
11, 547
List the prime factors of 1212.
2, 3, 101
What are the prime factors of 41394?
2, 3, 6899
What are the prime factors of 649?
11, 59
List the prime factors of 6086.
2, 17, 179
What are the prime factors of 2205?
3, 5, 7
List the prime factors of 934.
2, 467
List the prime factors of 34950.
2, 3, 5, 233
List the prime factors of 1131.
3, 13, 29
List the prime factors of 274.
2, 137
List the prime factors of 14711.
47, 313
What are the prime factors of 11182?
2, 5591
What are the prime factors of 343?
7
What are the prime factors of 133?
7, 19
What are the prime factors of 15894?
2, 3, 883
List the prime factors of 7205.
5, 11, 131
List the prime factors of 2079.
3, 7, 11
List the prime factors of 80622.
2, 3, 1493
List the prime factors of 44973.
3, 19, 263
What are the prime factors of 17675?
5, 7, 101
List the prime factors of 5119.
5119
What are the prime factors of 2826?
2, 3, 157
List the prime factors of 1190.
2, 5, 7, 17
List the prime factors of 42614.
2, 11, 13, 149
What are the prime factors of 8188?
2, 23, 89
List the prime factors of 4804.
2, 1201
What are the prime factors of 3420?
2, 3, 5, 19
What are the prime factors of 1121?
19, 59
What are the prime factors of 16048?
2, 17, 59
List the prime factors of 28846.
2, 14423
What are the prime factors of 1869?
3, 7, 89
What are the prime factors of 1042?
2, 521
List the prime factors of 62127.
3, 13, 59
List the prime factors of 8802.
2, 3, 163
List the prime factors of 3234.
2, 3, 7, 11
List the prime factors of 96511.
103, 937
List the prime factors of 127183.
7, 18169
What are the prime factors of 49848?
2, 3, 31, 67
What are the prime factors of 7936?
2, 31
List the prime factors of 39116.
2, 7, 11, 127
List the prime factors of 31166.
2, 15583
What are the prime factors of 4236?
2, 3, 353
What are the prime factors of 6878?
2, 19, 181
What are the prime factors of 1762?
2, 881
What are the prime factors of 74140?
2, 5, 11, 337
What are the prime factors of 2390?
2, 5, 239
List the prime factors of 507.
3, 13
List the prime factors of 1117.
1117
What are the prime factors of 28950?
2, 3, 5, 193
List the prime factors of 383.
383
What are the prime factors of 1504?
2, 47
List the prime factors of 47486.
2, 23743
What are the prime factors of 2284?
2, 571
What are the prime factors of 58982?
2, 7, 11, 383
List the prime factors of 6581.
6581
List the prime factors of 1533.
3, 7, 73
What are the prime factors of 21917?
7, 31, 101
List the prime factors of 49227.
3, 61, 269
What are the prime factors of 193?
193
List the prime factors of 8024.
2, 17, 59
List the prime factors of 5708.
2, 1427
What are the prime factors of 29496?
2, 3, 1229
What are the prime factors of 84860?
2, 5, 4243
What are the prime factors of 5732?
2, 1433
What are the prime factors of 1639?
11, 149
List the prime factors of 100566.